o - 13 = -p, 0 = -2*p - o + 2*o + 8. Suppose -p = -t - 81. Let v = -47 - t. What are the prime factors of v?
31
Let a be (-10)/(-5) + (-1 - 2). Let d be 2/a + (1 - 9). What are the prime factors of (-138)/d - (-3)/15?
2, 7
Suppose 0 = -115*i + 118*i - 1218. List the prime factors of i.
2, 7, 29
Suppose 6 = 5*k - 4*k. Let u(m) = 15*m + m - k*m - 1 + 6*m. List the prime factors of u(1).
3, 5
Suppose 72*b + 145 = 67*b. Suppose 2*u - 7*u - 55 = 0. Let q = u - b. List the prime factors of q.
2, 3
Suppose -1420 = -2*d - 0*d - 2*m, 0 = 2*d - 4*m - 1420. What are the prime factors of d?
2, 5, 71
Let b = 305 + 10. List the prime factors of b.
3, 5, 7
Let i be (-32)/(-6) + 4/(-12). Let c = -4 + 1. Let o = i + c. List the prime factors of o.
2
Let i be 2 - (1 + -3 + 3). Let c(g) = i - 5 + 7 + 6*g + 6. What are the prime factors of c(5)?
3, 13
Let f(m) = m**3 - 12*m**2 - 6*m - 16. Let s be f(11). Let u = s + 296. What are the prime factors of u?
3, 31
Let c = -504 + 279. Let d = 380 + c. List the prime factors of d.
5, 31
Suppose 3*q - 3672 = 2478. List the prime factors of q.
2, 5, 41
Suppose 5*u = 2*x - 125, -36 = 2*u + 3*x - x. Let m = 22 - u. What are the prime factors of m?
3, 5
Suppose -2*m = 2*m - 20. Let n(h) = 4*h - 9. What are the prime factors of n(m)?
11
Let z(y) = -9*y - 10. Let g(i) = -8*i - 11. Let b(k) = -4*g(k) + 3*z(k). Suppose 5*n = -2*h + 32, 5*n - 4*h - 26 = -0*h. What are the prime factors of b(n)?
2, 11
Let t(l) be the first derivative of -3*l**3/2 - l**2/2 + 6*l - 2. Let j(h) be the first derivative of t(h). List the prime factors of j(-3).
2, 13
List the prime factors of (2/(-2))/(5*6/(-20910)).
17, 41
Let p be 4 - (-4 - -19)*-8. What are the prime factors of (p/(-6))/((-2)/6)?
2, 31
Suppose c + 4*f - 163 = 7, -c + 182 = f. List the prime factors of c.
2, 3, 31
Let v(j) = j**3 + 13*j**2 + 21*j + 9. Let q(i) = i**2 - 8*i - 1. Let w be q(7). List the prime factors of v(w).
7, 23
What are the prime factors of (((-189)/12)/9)/((-5)/1100)?
5, 7, 11
Let y(u) = u**3 + 16*u**2 - 3*u - 44. Let s be y(-16). Suppose s*l + 182 = 17*l. What are the prime factors of l?
2, 7
Let w(z) = -152*z + 2. List the prime factors of w(-3).
2, 229
Let v(j) = -j**3 + 4*j**2 - 3*j + 5. Let m be v(4). Let s be (-3)/m + 18/(-42). Suppose s = f - 6 - 6. What are the prime factors of f?
2, 3
Let p(w) = 73*w**2 - 32*w + 3. List the prime factors of p(3).
2, 3, 47
Suppose 3*h + v + 187 = -0*v, -3*h - 4*v - 181 = 0. List the prime factors of (h/(-12))/(5/40).
2, 3, 7
Suppose -5*q = f + 13, 5*f + 0*q = 5*q + 25. Suppose f*l + 3*d - 355 = 0, 2*l + 5*d - 177 - 176 = 0. List the prime factors of l.
179
Let x(t) = -7 + 11*t + 19*t + 2. What are the prime factors of x(4)?
5, 23
Let h(c) = -c - 7. Let s be h(-7). Let u be -36 - ((3 - 0) + s). What are the prime factors of ((-24)/(-10))/(u/(-520))?
2
Suppose -o + 5*z - 4*z = 3, -4*o = 2*z + 42. Let a = o - -10. Suppose 0*h - 4*h + a = 3*b, 4*h + 22 = b. List the prime factors of b.
2, 3
Let r(p) = 1477*p**3 - p**2 + 5*p - 4. List the prime factors of r(1).
7, 211
Suppose 4*c + 14*f = 20*f + 12710, -f + 15862 = 5*c. List the prime factors of c.
19, 167
Let g(d) = 923*d - 159. List the prime factors of g(2).
7, 241
Let a be ((-552)/(-15) - 2) + (-2)/(-10). Suppose 0 = 41*c - a*c - 1794. What are the prime factors of c?
13, 23
Suppose 0 = 10*x - 6656 - 6084. List the prime factors of x.
2, 7, 13
Let x be (-2 + 3)/(1/8). Let w = -10 + x. List the prime factors of 29*(-3 - w - -3).
2, 29
Suppose -5*l + 320 = -5*j, -l + 2*j + 25 = -42. List the prime factors of l.
61
Suppose -28*i = -26*i - 294. What are the prime factors of i?
3, 7
List the prime factors of 1/((-8 - -9)/(914 + 1)).
3, 5, 61
Let z(d) = d**3 - 16*d**2 - 25*d + 15. What are the prime factors of z(18)?
3, 71
Let n(d) = -6*d + 3. Let b be n(3). Let r be 6/(b/(-6) - 1). Suppose 5*m + 3*f - 9 = r*m, -4*f = -4*m + 4. What are the prime factors of m?
3
Suppose -41*q = -46*q - 2525. List the prime factors of q/(-10)*4 - -4.
2, 103
Suppose -2*o + 2*d = 7 + 105, -5*d - 84 = 2*o. Suppose 49 = -2*j - 13. Let t = j - o. What are the prime factors of t?
3, 7
Let k = 245 + -27. Suppose 4*f - k = -2*a, -4*f + 4*a + 254 = 30. List the prime factors of f.
5, 11
Let f = -611 + 989. Suppose -2*u + 130 = 4*y - 3*y, -3*y = 3*u - f. What are the prime factors of y?
2, 61
Let j = -13 + 10. What are the prime factors of (4/j - -2)*3?
2
Suppose 134 + 1078 = 12*h. Suppose 2*f - 211 = 5*l, 2*f + l - h = 92. What are the prime factors of f?
2, 7
Let h(x) = -2*x**3 + 9*x**2 - 3*x. Let j be h(4). Suppose -j*d = -2*d - 56. What are the prime factors of d?
2, 7
Let s(b) = 8*b + 218. What are the prime factors of s(11)?
2, 3, 17
Let m be 1 + (48/4 - 1). Suppose -o - 2*i - 4 = 0, -4*o + 3*i = 4*i - m. Suppose -2 - o = -3*n, 0 = 3*v - 3*n - 108. What are the prime factors of v?
2, 19
Let l(b) = -b**2 + 9*b + 6. Let k be l(10). Let q = k - -5. Let v = 15 - q. List the prime factors of v.
2, 7
Let q be (98/21)/((-2)/6). Let o = q + 10. What are the prime factors of 11/((2 - 4)/o)?
2, 11
Let k = 11419 - 8073. List the prime factors of k.
2, 7, 239
Let u(g) = g**2 + 1. Let f(w) = -4*w**2 + 9*w + 9. Let y(z) = f(z) + 5*u(z). List the prime factors of y(-9).
2, 7
Suppose 4*p + 2*g - 218 = 0, 0 = 2*p - g - g - 94. What are the prime factors of p?
2, 13
Let f(u) = -u + 1. Let x(m) = -5*m - 10. Let k(g) = 3*f(g) - x(g). List the prime factors of k(6).
5
Suppose -3*a = 2 - 17. Let q be (-7)/((-6)/(-9) - 1). Suppose -a*v + q + 24 = 0. What are the prime factors of v?
3
Let o = 56 - 86. Let r be 60/(1/(0 + -1)). Let v = o - r. List the prime factors of v.
2, 3, 5
Let c(w) = 153*w - 1. Let j be c(1). Suppose -x - x = -j. Let v = x + -54. What are the prime factors of v?
2, 11
Let t(s) = s**3 + 26*s**2 + 28*s + 24. What are the prime factors of t(-24)?
2, 3, 7
Let g(y) be the third derivative of y**6/720 - y**5/120 + y**4/6 - 3*y**2. Let u(k) be the second derivative of g(k). List the prime factors of u(12).
11
Suppose 120*f - 137*f = -30039. What are the prime factors of f?
3, 19, 31
Let w be (2/(-6))/(7/(-399)). Suppose 4 + 2 = -3*y. Let g = w - y. What are the prime factors of g?
3, 7
Suppose 0 = -2*k - 5 + 1. What are the prime factors of ((-21)/9)/(k/6)?
7
Suppose -2*h = -5*r + 2770, 0 = -3*r + h - 4*h + 1683. List the prime factors of r.
2, 139
Suppose 232 = -4*i - 4*a, 0*i - 5*a = 4*i + 231. Let z(n) = -n**3 + 5*n**2 - 7*n - 6. Let f be z(6). Let m = i - f. List the prime factors of m.
5
Suppose -2*r = 2*j + 8, 0 = 4*j + 3 + 1. Let b be ((-4)/3)/2*r. Suppose b*d - 7 = d. List the prime factors of d.
7
Let v(t) = 2*t**3 + 9*t**2 - 9*t + 20. List the prime factors of v(7).
2, 271
Let s(z) = 10*z**2 - 24*z - 7. List the prime factors of s(10).
3, 251
Let v(d) = -d**3 + 8*d**2 - 3. Let m be v(8). Let w = m - -40. List the prime factors of w.
37
Let h(g) = -2*g + 2. Let d(t) = t**2 - 11*t + 14. Let u be d(10). Suppose 3*m + 2*i = 5*m + 14, -m + u*i = 16. List the prime factors of h(m).
2, 5
Let w(u) = -12*u - 18 - 17*u + 38*u - 11*u. Let z be w(-7). What are the prime factors of (-1)/(2/z + 0)?
2
Suppose -170*x + 179*x = 180. What are the prime factors of x?
2, 5
Let y(p) be the first derivative of 1/4*p**4 + 6 + 3/2*p**2 - p**3 - 5*p. What are the prime factors of y(4)?
23
Let b be (0 + -2)/((-10)/15). Let q be 3 - (18/(-3) + b). Suppose 9 - q = u. What are the prime factors of u?
3
Let v(g) = 3*g - 26. Let i be v(11). Suppose -i*c + 8*c - 155 = 0. Let u = -79 + c. What are the prime factors of u?
2, 19
Let v be 2/14 - 1708/(-49). Suppose 0 = -4*w - 3*a + 115 + v, -a = 2*w - 76. What are the prime factors of w?
3, 13
Let a = 49 - 28. Let k = -17 + a. Suppose -4*h + 40 = -4*b, 15 = -4*h - k*b + 87. What are the prime factors of h?
2, 7
Suppose -2*y = -2*i - 3*y + 173, 0 = i + 5*y - 91. Let g = i - 127. Let t = -12 - g. What are the prime factors of t?
29
Let p(u) = u**3 + 4*u**2 + 4. Let j be p(-4). Suppose 0 = j*n + 4*x - 100, n - 44 = 3*x - 11. List the prime factors of (-4 - n/(-6))*72.
2, 3
Let p be (2/(2 + -4))/((-2)/632). Let w = p + -221. What are the prime factors of w?
5, 19
Suppose 0 = -640*c + 641*c - 223. List the prime factors of c.
223
Let v(q) = -33*q**2 + 2*q + 1. Let l be v(2). Let c = 22